
In base 8, what is -46 + -214627?
-214675
In base 7, what is -3 - 44416362?
-44416365
In base 15, what is b84b8d + -2?
b84b8b
In base 10, what is -50422 + 117?
-50305
In base 10, what is -14 - 14432849?
-14432863
In base 9, what is 1814 + -1068451?
-1066536
In base 15, what is -64 + 15167?
15103
In base 16, what is 1 - 2a91f1?
-2a91f0
In base 10, what is 5 + -6226159?
-6226154
In base 8, what is -23414 + 45?
-23347
In base 15, what is 3 + 132e7d1?
132e7d4
In base 4, what is -3013111 + 30233?
-2322212
In base 9, what is -54378866 + 6?
-54378860
In base 14, what is 2828a - 6?
28284
In base 3, what is 1020021020002001 - -22?
1020021020002100
In base 16, what is -9 + 9c3608?
9c35ff
In base 2, what is 10 + -1110100011111001000001101?
-1110100011111001000001011
In base 15, what is -5ceb + 6a5?
-5646
In base 8, what is 1 + 1117052070?
1117052071
In base 11, what is -85359 + -29?
-85387
In base 9, what is 37475871 - 1?
37475870
In base 4, what is 1003101 - -3100103?
10103210
In base 10, what is 40 + 10414809?
10414849
In base 2, what is -11110101100110 - 11011101111?
-100010001010101
In base 8, what is 606712 - -1?
606713
In base 4, what is 212 - 113122030030?
-113122023212
In base 12, what is 4a4954 + -14?
4a4940
In base 4, what is 332 - 130013?
-123021
In base 14, what is -10 - 23d3b?
-23d4b
In base 2, what is 101 + 10010110011101011010100?
10010110011101011011001
In base 8, what is 564717 - 34?
564663
In base 10, what is -230625 - -16?
-230609
In base 12, what is -3 + 6148a8?
6148a5
In base 16, what is -274 - -4caa?
4a36
In base 4, what is 1132211233111 + 0?
1132211233111
In base 2, what is 101011011000101101100001 - 101?
101011011000101101011100
In base 4, what is -10302111 + 13032101?
2123330
In base 6, what is -4 + 1001055340?
1001055332
In base 13, what is 5 - -1376082?
1376087
In base 3, what is -21 - 21111101202?
-21111102000
In base 13, what is -94816340 - -2?
-9481633b
In base 6, what is 200 - 2242513?
-2242313
In base 15, what is -18458 - a71?
-18ec9
In base 6, what is 1503524 - 41?
1503443
In base 10, what is 6 + -7419508?
-7419502
In base 11, what is -5 + -19011a?
-190124
In base 2, what is 1000000011 + 10011001011011000?
10011010011011011
In base 11, what is -70 - -1495547?
1495487
In base 8, what is 0 + -341657?
-341657
In base 7, what is 1403 + 4403432?
4405135
In base 3, what is -101000212101 + -201110?
-101001120211
In base 3, what is -202112110 + -112202112?
-1022021222
In base 15, what is 6625 - -127e3?
18e18
In base 4, what is 10312 - 3100010?
-3023032
In base 5, what is 4101 + -1424230?
-1420124
In base 3, what is -120122022000022 + -1?
-120122022000100
In base 6, what is 545431 + -104?
545323
In base 7, what is 2325 + -116430?
-114102
In base 16, what is f3d - 14ad1?
-13b94
In base 4, what is 30231010132300 - -1?
30231010132301
In base 10, what is 254018 - -22?
254040
In base 10, what is -4328 + -232343?
-236671
In base 12, what is 10 - -2bb1963?
2bb1973
In base 15, what is 1 + -34c793?
-34c792
In base 6, what is -300532 + 11023?
-245505
In base 11, what is 56a80 - -2339?
59309
In base 7, what is 3552413043 - -12?
3552413055
In base 4, what is 21203201 + -11132231?
10010310
In base 12, what is -804 - -99ba?
91b6
In base 3, what is -1 + 121211001010?
121211001002
In base 10, what is 0 - -5061278?
5061278
In base 13, what is c54 - -29a4?
3928
In base 6, what is 0 + 10140453230?
10140453230
In base 13, what is -bc3 + 7189?
6296
In base 7, what is 20316 - -130?
20446
In base 9, what is -3206 + 7227?
4021
In base 15, what is 97 - -26684?
2672b
In base 5, what is 330 + 430111144?
430112024
In base 11, what is -7532 - 634?
-8066
In base 12, what is 0 + 53067327?
53067327
In base 8, what is -650376 - 301?
-650677
In base 9, what is 66077135 + 1?
66077136
In base 5, what is 320313 + 1012?
321330
In base 13, what is -2 + -38a237?
-38a239
In base 8, what is -71213 + 52?
-71141
In base 7, what is -233352442 - -3?
-233352436
In base 16, what is 1b19d + -9e?
1b0ff
In base 5, what is -410302 + -13402?
-424204
In base 11, what is -2 + 30132145?
30132143
In base 11, what is -6529460 - -14?
-6529447
In base 15, what is -3 + eba2c?
eba29
In base 15, what is 23e + aa807?
aaa46
In base 9, what is -2 + -723252201?
-723252203
In base 9, what is -311 - -751401?
751080
In base 7, what is 26024 - 45532?
-16505
In base 6, what is -144 - -152554321?
152554133
In base 8, what is 6330675 - 1?
6330674
In base 13, what is -21541 + -736a?
-288ab
In base 15, what is 5 + 2d46412?
2d46417
In base 6, what is 4232 + 213344?
222020
In base 14, what is dd37 + d49?
10c82
In base 10, what is 1118379 + -7?
1118372
In base 2, what is -101010110101010 + 1000010?
-101010101101000
In base 16, what is -fa12 + -3a2?
-fdb4
In base 3, what is 100120200121 - -20022?
100120220220
In base 15, what is 0 + -678b719?
-678b719
In base 14, what is 10 - 2903496?
-2903486
In base 11, what is 31a0a50 + -1?
31a0a4a
In base 8, what is 10447766 - 4?
10447762
In base 5, what is 112010341 - 131?
112010210
In base 11, what is -894302 - 7a?
-894381
In base 14, what is -b + -5ac749?
-5ac756
In base 12, what is 99aa2 - 51?
99a51
In base 15, what is 1d23 + -479?
1899
In base 6, what is -2534215421 + -44?
-2534215505
In base 5, what is 334413010 - -4?
334413014
In base 14, what is -1bb + -487d?
-4a5a
In base 12, what is 5a78 + -156?
5922
In base 11, what is -4 + -97a581?
-97a585
In base 9, what is 2571707 - 7?
2571700
In base 11, what is 1381844 + -5?
138183a
In base 14, what is -17527d9 - 4?
-17527dd
In base 16, what is -5 + -1c98301?
-1c98306
In base 7, what is 25 + -1366123?
-1366065
In base 11, what is 1470 - 93730?
-92270
In base 9, what is -3 - 2622488?
-2622502
In base 4, what is -101010230202 + 1103?
-101010223033
In base 15, what is -5 - a2b31?
-a2b36
In base 6, what is 32052042 - 11?
32052031
In base 14, what is 8458192 + 0?
8458192
In base 6, what is 1 - 241514221?
-241514220
In base 2, what is 111100 - -1001100100100001110000?
1001100100100010101100
In base 9, what is 1848 - 151656?
-148707
In base 4, what is 12 - -23013013203?
23013013221
In base 6, what is -5 + 205330525?
205330520
In base 13, what is 2875c15 - 4?
2875c11
In base 7, what is -5606605 - -2?
-5606603
In base 2, what is -101111111 - -100100110000111?
100100000001000
In base 5, what is -23232042 - 24?
-23232121
In base 7, what is 222 + 20615?
21140
In base 10, what is -76864991 + -6?
-76864997
In base 5, what is 3143 - 211412?
-203214
In base 11, what is -3972 - -394?
-3589
In base 15, what is -1e2 - -3a49?
3857
In base 11, what is 4 + 5227a43?
5227a47
In base 10, what is -3886962 - 0?
-3886962
In base 12, what is b31a8 + -85?
b3123
In base 11, what is -51 - -1a29876?
1a29825
In base 7, what is 4 + 206312016?
206312023
In base 13, what is 2918 + -43099?
-40481
In base 8, what is -5 + -21307235?
-21307242
In base 7, what is -62344 + -155552?
-251226
In base 10, what is 4 + 299568?
299572
In base 9, what is -17484744 - 5?
-17484750
In base 3, what is -101022002 + 211010?
-100110222
In base 5, what is -400 + 24100111?
24044211
In base 8, what is 214 + 1146620?
1147034
In base 10, what is 359 + -22708?
-22349
In base 5, what is -21 - 3010221143?
-3010221214
In base 11, what is -593492 - -2?
-593490
In base 5, what is 1224 - -334020213?
334021442
In base 11, what is 13 + 7271a5?
727208
In base 4, what is -231000313012 - -3?
-231000313003
In base 8, what is -3 - 207443553?
-207443556
In base 9, what is -33 + 225583?
225550
In base 16, what is -b4 + 17fd4?
17f20
In base 2, what is -1000010100011111011001000111 + -110?
-1000010100011111011001001101
In base 4, what is 223130 - -10211321?
11101111
In base 8, what is -4157 - 672?
-5051
In base 11, what is -5 - -11166698?
11166693
In base 3, what is 10102 - 2120102112010?
-2120102101201
In base 9, what is 313586 - 10?
313576
In base 13, what is 239b + 18005?
1a3a3
In base 8, what is 36 - -276614?
276652
In base 11, what is -119693 + -8?
-1196a0
In base 13, what is -a - 702751?
-70275b
In base 10, what is -8 + -1261811?
-1261819
In base 4, what is -121 - 203231110212?
-203231110333
In base 11, what is -4 + -32043a4?
-32043a8
In base 6, what is -32252005 + -224?
-32252233
In base 10, what is 52248 - -367?
52615
In base 2, what is -1011001000000111101100 - -100001?
-1011001000000111